 6368?
2, 199
What are the prime factors of 91068?
2, 3, 7589
What are the prime factors of 100341?
3, 11149
What are the prime factors of 3878?
2, 7, 277
What are the prime factors of 10947?
3, 41, 89
List the prime factors of 3425.
5, 137
List the prime factors of 95836.
2, 13, 19, 97
List the prime factors of 498.
2, 3, 83
List the prime factors of 2438.
2, 23, 53
List the prime factors of 13208.
2, 13, 127
What are the prime factors of 4419?
3, 491
What are the prime factors of 1014?
2, 3, 13
What are the prime factors of 7703?
7703
List the prime factors of 1430.
2, 5, 11, 13
List the prime factors of 2967.
3, 23, 43
List the prime factors of 66082.
2, 19, 37, 47
What are the prime factors of 8431?
8431
List the prime factors of 3260.
2, 5, 163
List the prime factors of 1697.
1697
List the prime factors of 150.
2, 3, 5
What are the prime factors of 370?
2, 5, 37
What are the prime factors of 51460?
2, 5, 31, 83
List the prime factors of 134.
2, 67
What are the prime factors of 887?
887
What are the prime factors of 8022?
2, 3, 7, 191
List the prime factors of 136.
2, 17
List the prime factors of 4288.
2, 67
What are the prime factors of 33792?
2, 3, 11
What are the prime factors of 81048?
2, 3, 11, 307
List the prime factors of 78.
2, 3, 13
List the prime factors of 4892.
2, 1223
List the prime factors of 564.
2, 3, 47
What are the prime factors of 718?
2, 359
What are the prime factors of 488?
2, 61
List the prime factors of 37806.
2, 3, 6301
What are the prime factors of 4003?
4003
What are the prime factors of 34769?
7, 4967
List the prime factors of 465.
3, 5, 31
What are the prime factors of 4276?
2, 1069
What are the prime factors of 7152?
2, 3, 149
What are the prime factors of 61737?
3, 13, 1583
What are the prime factors of 425?
5, 17
What are the prime factors of 17219?
67, 257
What are the prime factors of 15118?
2, 7559
List the prime factors of 484.
2, 11
What are the prime factors of 1206?
2, 3, 67
What are the prime factors of 91830?
2, 3, 5, 3061
List the prime factors of 1043.
7, 149
What are the prime factors of 296?
2, 37
What are the prime factors of 947?
947
List the prime factors of 9287.
37, 251
What are the prime factors of 1278?
2, 3, 71
What are the prime factors of 10887?
3, 19, 191
What are the prime factors of 2006?
2, 17, 59
What are the prime factors of 9520?
2, 5, 7, 17
List the prime factors of 4613.
7, 659
List the prime factors of 3268.
2, 19, 43
What are the prime factors of 36046?
2, 67, 269
What are the prime factors of 18156?
2, 3, 17, 89
What are the prime factors of 100419?
3, 11, 17, 179
What are the prime factors of 1695?
3, 5, 113
What are the prime factors of 818?
2, 409
What are the prime factors of 18978?
2, 3, 3163
What are the prime factors of 1175?
5, 47
What are the prime factors of 12941?
12941
List the prime factors of 1167.
3, 389
What are the prime factors of 990?
2, 3, 5, 11
What are the prime factors of 38094?
2, 3, 7, 907
List the prime factors of 1969.
11, 179
List the prime factors of 746.
2, 373
List the prime factors of 1509.
3, 503
What are the prime factors of 2401?
7
What are the prime factors of 15634?
2, 7817
What are the prime factors of 22194?
2, 3, 137
What are the prime factors of 979?
11, 89
What are the prime factors of 9922?
2, 11, 41
What are the prime factors of 3126?
2, 3, 521
List the prime factors of 3237.
3, 13, 83
List the prime factors of 1845.
3, 5, 41
What are the prime factors of 844?
2, 211
What are the prime factors of 1463?
7, 11, 19
What are the prime factors of 729?
3
What are the prime factors of 10657?
10657
List the prime factors of 535.
5, 107
List the prime factors of 563.
563
List the prime factors of 2744.
2, 7
List the prime factors of 14854.
2, 7, 1061
What are the prime factors of 1098?
2, 3, 61
List the prime factors of 306.
2, 3, 17
What are the prime factors of 17541?
3, 1949
What are the prime factors of 1036?
2, 7, 37
List the prime factors of 794.
2, 397
List the prime factors of 1908.
2, 3, 53
What are the prime factors of 3117?
3, 1039
List the prime factors of 1531.
1531
What are the prime factors of 1038?
2, 3, 173
List the prime factors of 4021.
4021
What are the prime factors of 7226?
2, 3613
List the prime factors of 2319.
3, 773
List the prime factors of 36.
2, 3
List the prime factors of 5790.
2, 3, 5, 193
List the prime factors of 12340.
2, 5, 617
What are the prime factors of 7251?
3, 2417
What are the prime factors of 430?
2, 5, 43
What are the prime factors of 627?
3, 11, 19
What are the prime factors of 24674?
2, 13, 73
List the prime factors of 1352.
2, 13
List the prime factors of 41872.
2, 2617
List the prime factors of 8150.
2, 5, 163
List the prime factors of 9875.
5, 79
What are the prime factors of 22240?
2, 5, 139
What are the prime factors of 2931?
3, 977
What are the prime factors of 2599?
23, 113
List the prime factors of 6794.
2, 43, 79
List the prime factors of 53944.
2, 11, 613
What are the prime factors of 967?
967
What are the prime factors of 12?
2, 3
What are the prime factors of 503?
503
What are the prime factors of 690?
2, 3, 5, 23
What are the prime factors of 2577?
3, 859
What are the prime factors of 11700?
2, 3, 5, 13
List the prime factors of 5774.
2, 2887
What are the prime factors of 18326?
2, 7, 11, 17
What are the prime factors of 1221?
3, 11, 37
What are the prime factors of 160490?
2, 5, 11, 1459
List the prime factors of 39158.
2, 7, 2797
List the prime factors of 280.
2, 5, 7
What are the prime factors of 11286?
2, 3, 11, 19
List the prime factors of 136.
2, 17
What are the prime factors of 585?
3, 5, 13
What are the prime factors of 4111?
4111
What are the prime factors of 117538?
2, 17, 3457
List the prime factors of 839.
839
What are the prime factors of 19362?
2, 3, 7, 461
List the prime factors of 636.
2, 3, 53
List the prime factors of 9049.
9049
List the prime factors of 17502.
2, 3, 2917
What are the prime factors of 1758?
2, 3, 293
What are the prime factors of 73704?
2, 3, 37, 83
What are the prime factors of 561?
3, 11, 17
List the prime factors of 50015.
5, 7, 1429
List the prime factors of 1673.
7, 239
List the prime factors of 1712.
2, 107
List the prime factors of 13037.
13037
What are the prime factors of 20403?
3, 2267
What are the prime factors of 1183?
7, 13
List the prime factors of 24180.
2, 3, 5, 13, 31
What are the prime factors of 3213?
3, 7, 17
List the prime factors of 5547.
3, 43
What are the prime factors of 4747?
47, 101
List the prime factors of 89343.
3, 1103
What are the prime factors of 14140?
2, 5, 7, 101
List the prime factors of 64346.
2, 32173
List the prime factors of 182671.
29, 6299
What are the prime factors of 62640?
2, 3, 5, 29
What are the prime factors of 74714?
2, 37357
What are the prime factors of 1748?
2, 19, 23
What are the prime factors of 9584?
2, 599
What are the prime factors of 31465?
5, 7, 29, 31
List the prime factors of 83258.
2, 7, 19, 313
What are the prime factors of 6991?
6991
What are the prime factors of 113667?
3, 37889
What are the prime factors of 1767?
3, 19, 31
What are the prime factors of 4748?
2, 1187
What are the prime factors of 642?
2, 3, 107
What are the prime factors of 10882?
2, 5441
List the prime factors of 518.
2, 7, 37
What are the prime factors of 23102?
2, 11551
List the prime factors of 1485.
3, 5, 11
List the prime factors of 5917.
61, 97
What are the prime factors of 3496?
2, 19, 23
List the prime factors of 3245.
5, 11, 59
List the prime factors of 51789.
3, 61, 283
What are the prime factors of 1920?
2, 3, 5
List the prime factors of 17804.
2, 4451
What are the prime factors of 2113?
2113
List the prime factors of 4907.
7, 701
What are the prime factors of 6780?
2, 3, 5, 113
What are the prime factors of 177?
3, 59
List the prime factors of 12168.
2, 3, 13
List the prime factors of 4606.
2, 7, 47
List the prime factors of 45011.
19, 23, 103
What are the prime factors of 263?
263
What are the prime factors of 7269?
3, 2423
List the prime factors of 3571.
3571
What are the prime factors of 34131?
3, 31, 367
List the prime factors of 104041.
7, 89, 167
What are the prime factors of 19988?
2, 19, 263
What are the prime factors of 4740?
2, 3, 5, 79
What are the prime factors of 10239?
3, 3413
What ar